{"id":55555,"date":"2021-09-02T20:34:08","date_gmt":"2021-09-02T18:34:08","guid":{"rendered":"http:\/\/www.z-ton.de\/?page_id=55555"},"modified":"2024-08-09T22:09:00","modified_gmt":"2024-08-09T20:09:00","slug":"vermietung","status":"publish","type":"page","link":"https:\/\/www.z-ton.de\/index.php\/vermietung\/","title":{"rendered":"Vermietung"},"content":{"rendered":"<p>[vc_section background_color=&#8220;bg-primary&#8220; vc_section_id=&#8220;61334fb4da891&#8243; css=&#8220;.vc_custom_1723099730778{padding-top: 0px !important;padding-bottom: 0px !important;background-color: #ffffff !important;}&#8220;][vc_row][vc_column width=&#8220;1\/2&#8243;]<div  class=\"ezy-card  \" ><div class=\"card bg-primary rounded-0 border-0\"><div class=\"card-body\" style=\"padding-top: 100px; padding-right: 50px; padding-bottom: 100px; padding-left: 50px;\"><div  class=\"ezy-heading text-left  appear-animation\" data-appear-animation=\"fadeInRightShorter\" data-appear-animation-delay=\"200\" data-appear-animation-duration=\"750ms\"><h4 class=\"ezy-text-tag main-heading-text font-weight-bold has-skin-text-color text-color-light\" style=\"font-size: 22px !important;  margin-bottom: 12px;\">Tontechnik mieten<\/h4><\/div>[vc_column_text css_animation=&#8220;fadeInRightShorter&#8220; css_animation_delay=&#8220;200&#8243; css=&#8220;.vc_custom_1722769997971{margin-bottom: 10px !important;}&#8220;]<span style=\"color: #b9d9f9;\">Vom Kabel bis zur komplett ausgestatteten Konzerthalle. Neben PA, Mischpult, Boxen, finden Sie alles was Sie f\u00fcr Ihre Veranstaltung ben\u00f6tigen.<\/span>[\/vc_column_text]<div  class=\"ezy-button d-flex justify-content-start learn-more appear-animation\" data-appear-animation=\"fadeInRightShorter\" data-appear-animation-delay=\"200\" data-appear-animation-duration=\"750ms\"><a href=\"https:\/\/www.z-ton.de\/index.php\/equipment\/\" title=\"\" target=\"_self\"  class=\"btn align-items-center btn-outline btn-light rounded font-weight-semibold\"  style=\"font-size: 12px; padding: 6px 12px;\">WEITERE DETAILS<\/a><\/div><\/div><\/div><\/div>[\/vc_column][vc_column css_animation=&#8220;fadeInRightShorter&#8220; width=&#8220;1\/2&#8243; css_animation_delay=&#8220;400&#8243; column_min_height=&#8220;300&#8243; css=&#8220;.vc_custom_1630753032102{background-image: url(https:\/\/www.z-ton.de\/wp-content\/uploads\/2021\/09\/tontechnik-mieten-muenchen.jpg?id=55672) !important;background-position: center !important;background-repeat: no-repeat !important;background-size: cover !important;}&#8220;][\/vc_column][\/vc_row][\/vc_section][vc_section vc_section_id=&#8220;61334fb4da8cf&#8220; css=&#8220;.vc_custom_1723100118852{padding-top: 0px !important;padding-bottom: 0px !important;background-color: #ffffff !important;}&#8220;][vc_row][vc_column css_animation=&#8220;fadeInLeftShorter&#8220; width=&#8220;1\/2&#8243; css_animation_delay=&#8220;400&#8243; css=&#8220;.vc_custom_1723131182332{background-image: url(https:\/\/www.z-ton.de\/wp-content\/uploads\/2024\/08\/audience-1850022_1280.jpg?id=55810) !important;background-position: center !important;background-repeat: no-repeat !important;background-size: cover !important;}&#8220; column_min_height=&#8220;300&#8243; el_class=&#8220;order-2 order-md-1&#8243;][\/vc_column][vc_column width=&#8220;1\/2&#8243; el_class=&#8220;order-1 order-md-2&#8243; css=&#8220;.vc_custom_1723100586779{background-color: #ffffff !important;}&#8220;]<div  class=\"ezy-card vc_custom_1723100627449 \" ><div class=\"card rounded-0 border-0\"><div class=\"card-body\" style=\"padding-top: 100px; padding-right: 50px; padding-bottom: 100px; padding-left: 50px;\"><div  class=\"ezy-heading text-left  appear-animation\" data-appear-animation=\"fadeInLeftShorter\" data-appear-animation-delay=\"200\" data-appear-animation-duration=\"750ms\"><h4 class=\"ezy-text-tag main-heading-text font-weight-bold has-skin-text-color text-color-dark\" style=\"font-size: 22px !important;  margin-bottom: 12px;\">Lichttechnik mieten<\/h4><\/div>[vc_column_text css_animation=&#8220;fadeInLeftShorter&#8220; css_animation_delay=&#8220;200&#8243; css=&#8220;.vc_custom_1723100491963{margin-bottom: 10px !important;}&#8220;]<span style=\"color: #000;\">Mit der Lichttechnik von Z-Ton bringen Sie die perfekte Atmosph\u00e4re in Ihr Event. Von Blindern bis hin zu LED-Scheinwerfer und Moving Heads, alles was das Herz begehrt.<\/span>[\/vc_column_text]<div  class=\"ezy-button d-flex justify-content-start learn-more appear-animation\" data-appear-animation=\"fadeInRightShorter\" data-appear-animation-delay=\"200\" data-appear-animation-duration=\"750ms\"><a href=\"https:\/\/www.z-ton.de\/index.php\/equipment\/\" title=\"\" target=\"_self\"  class=\"btn align-items-center btn-outline btn-dark rounded font-weight-semibold\"  style=\"font-size: 12px; padding: 6px 12px;\">WEITERE DETAILS<\/a><\/div><\/div><\/div><\/div>[\/vc_column][\/vc_row][\/vc_section][vc_section background_color=&#8220;bg-primary&#8220; vc_section_id=&#8220;61334fb4da907&#8243; css=&#8220;.vc_custom_1559931255279{padding-top: 0px !important;padding-bottom: 0px !important;}&#8220;][vc_row][vc_column width=&#8220;1\/2&#8243;]<div  class=\"ezy-card  \" ><div class=\"card bg-primary rounded-0 border-0\"><div class=\"card-body\" style=\"padding-top: 100px; padding-right: 50px; padding-bottom: 100px; padding-left: 50px;\"><div  class=\"ezy-heading text-left  appear-animation\" data-appear-animation=\"fadeInRightShorter\" data-appear-animation-delay=\"200\" data-appear-animation-duration=\"750ms\"><h4 class=\"ezy-text-tag main-heading-text font-weight-bold has-skin-text-color text-color-light\" style=\"font-size: 22px !important;  margin-bottom: 12px;\">LED-W\u00e4nde mieten<\/h4><\/div>[vc_column_text css_animation=&#8220;fadeInRightShorter&#8220; css_animation_delay=&#8220;200&#8243; css=&#8220;.vc_custom_1722833057915{margin-bottom: 10px !important;}&#8220;]<span style=\"color: #99ccff;\">Ob Public Viewing, Veranstaltungen, Konzerte, private Partys, LED-W\u00e4nde veredeln Ihr Event und heben dieses auf ein hohes Niveau.<\/span>[\/vc_column_text]<div  class=\"ezy-button d-flex justify-content-start learn-more appear-animation\" data-appear-animation=\"fadeInRightShorter\" data-appear-animation-delay=\"200\" data-appear-animation-duration=\"750ms\"><a href=\"https:\/\/www.z-ton.de\/index.php\/equipment\/\" title=\"\" target=\"_self\"  class=\"btn align-items-center btn-outline btn-light rounded font-weight-semibold\"  style=\"font-size: 12px; padding: 6px 12px;\">WEITERE DETAILS<\/a><\/div><\/div><\/div><\/div>[\/vc_column][vc_column css_animation=&#8220;fadeInRightShorter&#8220; width=&#8220;1\/2&#8243; css_animation_delay=&#8220;400&#8243; column_min_height=&#8220;300&#8243; css=&#8220;.vc_custom_1723108955910{background-image: url(https:\/\/www.z-ton.de\/wp-content\/uploads\/2024\/08\/ledwall.jpg?id=55811) !important;background-position: center !important;background-repeat: no-repeat !important;background-size: cover !important;}&#8220;][\/vc_column][\/vc_row][\/vc_section][vc_section vc_section_id=&#8220;61334fb4da940&#8243; css=&#8220;.vc_custom_1723100143208{padding-top: 0px !important;padding-bottom: 0px !important;}&#8220;][vc_row][vc_column css_animation=&#8220;fadeInLeftShorter&#8220; width=&#8220;1\/2&#8243; css_animation_delay=&#8220;400&#8243; css=&#8220;.vc_custom_1723130771064{background-image: url(https:\/\/www.z-ton.de\/wp-content\/uploads\/2024\/08\/buehne-2.jpg?id=56034) !important;background-position: center !important;background-repeat: no-repeat !important;background-size: cover !important;}&#8220; column_min_height=&#8220;300&#8243; el_class=&#8220;order-2 order-md-1&#8243;][\/vc_column][vc_column width=&#8220;1\/2&#8243; el_class=&#8220;order-1 order-md-2&#8243;]<div  class=\"ezy-card  \" ><div class=\"card rounded-0 border-0\"><div class=\"card-body\" style=\"padding-top: 100px; padding-right: 50px; padding-bottom: 100px; padding-left: 50px;\"><div  class=\"ezy-heading text-left  appear-animation\" data-appear-animation=\"fadeInLeftShorter\" data-appear-animation-delay=\"200\" data-appear-animation-duration=\"750ms\"><h4 class=\"ezy-text-tag main-heading-text font-weight-bold has-skin-text-color text-color-dark\" style=\"font-size: 22px !important;  margin-bottom: 12px;\">B\u00fchne mieten<\/h4><\/div>[vc_column_text css_animation=&#8220;fadeInLeftShorter&#8220; css_animation_delay=&#8220;200&#8243; css=&#8220;.vc_custom_1722833109183{margin-bottom: 10px !important;}&#8220;]<span style=\"color: #000;\">Wir haben die L\u00f6sung f\u00fcr Ihre Anforderungen und unterst\u00fctzen Sie mit professioneller B\u00fchnentechnik. Lassen Sie sich von uns beraten.<\/span>[\/vc_column_text]<div  class=\"ezy-button d-flex justify-content-start learn-more appear-animation\" data-appear-animation=\"fadeInRightShorter\" data-appear-animation-delay=\"200\" data-appear-animation-duration=\"750ms\"><a href=\"https:\/\/www.z-ton.de\/index.php\/equipment\/\" title=\"\" target=\"_self\"  class=\"btn align-items-center btn-outline btn-dark rounded font-weight-semibold\"  style=\"font-size: 12px; padding: 6px 12px;\">WEITERE DETAILS<\/a><\/div><\/div><\/div><\/div>[\/vc_column][\/vc_row][\/vc_section][vc_section background_color=&#8220;bg-primary&#8220; vc_section_id=&#8220;61334fb4da979&#8243; css=&#8220;.vc_custom_1559931255279{padding-top: 0px !important;padding-bottom: 0px !important;}&#8220;][vc_row][vc_column width=&#8220;1\/2&#8243;]<div  class=\"ezy-card  \" ><div class=\"card bg-primary rounded-0 border-0\"><div class=\"card-body\" style=\"padding-top: 100px; padding-right: 50px; padding-bottom: 100px; padding-left: 50px;\"><div  class=\"ezy-heading text-left  appear-animation\" data-appear-animation=\"fadeInRightShorter\" data-appear-animation-delay=\"200\" data-appear-animation-duration=\"750ms\"><h4 class=\"ezy-text-tag main-heading-text font-weight-bold has-skin-text-color text-color-light\" style=\"font-size: 22px !important;  margin-bottom: 12px;\">Backline mieten<\/h4><\/div>[vc_column_text css_animation=&#8220;fadeInRightShorter&#8220; css_animation_delay=&#8220;200&#8243; css=&#8220;.vc_custom_1722772237960{margin-bottom: 10px !important;}&#8220;]<span style=\"color: #b9d9f9;\">Sie ben\u00f6tigen ein Schlagzeug, Bass, Klavier, Keyboard, Gitarre oder ein anderes Instrument? Mieten Sie bei uns die Backline f\u00fcr Ihre Veranstaltung. <\/span>[\/vc_column_text]<div  class=\"ezy-button d-flex justify-content-start learn-more appear-animation\" data-appear-animation=\"fadeInRightShorter\" data-appear-animation-delay=\"200\" data-appear-animation-duration=\"750ms\"><a href=\"https:\/\/www.z-ton.de\/index.php\/equipment\/\" title=\"\" target=\"_self\"  class=\"btn align-items-center btn-outline btn-light rounded font-weight-semibold\"  style=\"font-size: 12px; padding: 6px 12px;\">WEITERE DETAILS<\/a><\/div><\/div><\/div><\/div>[\/vc_column][vc_column css_animation=&#8220;fadeInRightShorter&#8220; width=&#8220;1\/2&#8243; css_animation_delay=&#8220;400&#8243; column_min_height=&#8220;300&#8243; css=&#8220;.vc_custom_1723108891007{background-image: url(https:\/\/www.z-ton.de\/wp-content\/uploads\/2024\/08\/Band.jpg?id=56024) !important;background-position: center !important;background-repeat: no-repeat !important;background-size: cover !important;}&#8220;][\/vc_column][\/vc_row][\/vc_section][vc_section vc_section_id=&#8220;61334fb4da9b4&#8243; css=&#8220;.vc_custom_1723100155669{padding-top: 0px !important;padding-bottom: 0px !important;}&#8220;][vc_row][vc_column css_animation=&#8220;fadeInLeftShorter&#8220; width=&#8220;1\/2&#8243; css_animation_delay=&#8220;400&#8243; css=&#8220;.vc_custom_1723125789961{background-image: url(https:\/\/www.z-ton.de\/wp-content\/uploads\/2024\/08\/traversen.jpg?id=56028) !important;background-position: center !important;background-repeat: no-repeat !important;background-size: cover !important;}&#8220; column_min_height=&#8220;300&#8243; el_class=&#8220;order-2 order-md-1&#8243;][\/vc_column][vc_column width=&#8220;1\/2&#8243; el_class=&#8220;order-1 order-md-2&#8243;]<div  class=\"ezy-card  \" ><div class=\"card rounded-0 border-0\"><div class=\"card-body\" style=\"padding-top: 100px; padding-right: 50px; padding-bottom: 100px; padding-left: 50px;\"><div  class=\"ezy-heading text-left  appear-animation\" data-appear-animation=\"fadeInLeftShorter\" data-appear-animation-delay=\"200\" data-appear-animation-duration=\"750ms\"><h4 class=\"ezy-text-tag main-heading-text font-weight-bold has-skin-text-color text-color-dark\" style=\"font-size: 22px !important;  margin-bottom: 12px;\">Traversen mieten<\/h4><\/div>[vc_column_text css_animation=&#8220;fadeInLeftShorter&#8220; css_animation_delay=&#8220;200&#8243; css=&#8220;.vc_custom_1722772459478{margin-bottom: 10px !important;}&#8220;]<span style=\"color: #000;\">Wir bieten Traversensysteme f\u00fcr den B\u00fchnenbau, Messebau oder Modeschauen. Kombiniert mit unserem professionellen Service, gelingt auch der Auf- und Abbau.<\/span>[\/vc_column_text]<div  class=\"ezy-button d-flex justify-content-start learn-more appear-animation\" data-appear-animation=\"fadeInRightShorter\" data-appear-animation-delay=\"200\" data-appear-animation-duration=\"750ms\"><a href=\"https:\/\/www.z-ton.de\/index.php\/equipment\/\" title=\"\" target=\"_self\"  class=\"btn align-items-center btn-outline btn-dark rounded font-weight-semibold\"  style=\"font-size: 12px; padding: 6px 12px;\">WEITERE DETAILS<\/a><\/div><\/div><\/div><\/div>[\/vc_column][\/vc_row][\/vc_section][vc_section background_color=&#8220;bg-primary&#8220; vc_section_id=&#8220;61334fb4da9ef&#8220; css=&#8220;.vc_custom_1559931255279{padding-top: 0px !important;padding-bottom: 0px !important;}&#8220;][vc_row][vc_column width=&#8220;1\/2&#8243;]<div  class=\"ezy-card  \" ><div class=\"card bg-primary rounded-0 border-0\"><div class=\"card-body\" style=\"padding-top: 100px; padding-right: 50px; padding-bottom: 100px; padding-left: 50px;\"><div  class=\"ezy-heading text-left  appear-animation\" data-appear-animation=\"fadeInRightShorter\" data-appear-animation-delay=\"200\" data-appear-animation-duration=\"750ms\"><h4 class=\"ezy-text-tag main-heading-text font-weight-bold has-skin-text-color text-color-light\" style=\"font-size: 22px !important;  margin-bottom: 12px;\">Zubeh\u00f6r<\/h4><\/div>[vc_column_text css_animation=&#8220;fadeInRightShorter&#8220; css_animation_delay=&#8220;200&#8243; css=&#8220;.vc_custom_1723131578499{margin-bottom: 10px !important;}&#8220;]<span style=\"color: #b9d9f9;\">Sie ben\u00f6tigen Zubeh\u00f6r f\u00fcr Ihre Veranstaltung? Stehtische, Banner, Absperrb\u00e4nder, roter Teppich, St\u00fchle und vieles mehr &#8230; Kontaktieren Sie uns!<\/span>[\/vc_column_text]<div  class=\"ezy-button d-flex justify-content-start learn-more appear-animation\" data-appear-animation=\"fadeInRightShorter\" data-appear-animation-delay=\"200\" data-appear-animation-duration=\"750ms\"><a href=\"https:\/\/www.z-ton.de\/index.php\/kontakt\/\" title=\"\" target=\"_self\"  class=\"btn align-items-center btn-outline btn-light rounded font-weight-semibold\"  style=\"font-size: 12px; padding: 6px 12px;\">KONTAKTIEREN SIE UNS<\/a><\/div><\/div><\/div><\/div>[\/vc_column][vc_column css_animation=&#8220;fadeInRightShorter&#8220; width=&#8220;1\/2&#8243; css_animation_delay=&#8220;400&#8243; column_min_height=&#8220;300&#8243; css=&#8220;.vc_custom_1723131543270{background-image: url(https:\/\/www.z-ton.de\/wp-content\/uploads\/2024\/08\/stuehle.jpg?id=56037) !important;background-position: center !important;background-repeat: no-repeat !important;background-size: cover !important;}&#8220;][\/vc_column][\/vc_row][\/vc_section]<\/p>\n","protected":false},"excerpt":{"rendered":"<p>[vc_section background_color=&#8220;bg-primary&#8220; vc_section_id=&#8220;61334fb4da891&#8243; css=&#8220;.vc_custom_1723099730778{padding-top: 0px !important;padding-bottom: 0px !important;background-color: #ffffff !important;}&#8220;][vc_row][vc_column width=&#8220;1\/2&#8243;][\/vc_column][vc_column css_animation=&#8220;fadeInRightShorter&#8220; width=&#8220;1\/2&#8243; css_animation_delay=&#8220;400&#8243; column_min_height=&#8220;300&#8243; css=&#8220;.vc_custom_1630753032102{background-image: url(https:\/\/www.z-ton.de\/wp-content\/uploads\/2021\/09\/tontechnik-mieten-muenchen.jpg?id=55672) !important;background-position: center !important;background-repeat: no-repeat !important;background-size: cover !important;}&#8220;][\/vc_column][\/vc_row][\/vc_section][vc_section vc_section_id=&#8220;61334fb4da8cf&#8220; css=&#8220;.vc_custom_1723100118852{padding-top: 0px !important;padding-bottom: 0px !important;background-color: #ffffff !important;}&#8220;][vc_row][vc_column css_animation=&#8220;fadeInLeftShorter&#8220; width=&#8220;1\/2&#8243; css_animation_delay=&#8220;400&#8243; css=&#8220;.vc_custom_1723131182332{background-image: url(https:\/\/www.z-ton.de\/wp-content\/uploads\/2024\/08\/audience-1850022_1280.jpg?id=55810) !important;background-position: center !important;background-repeat: no-repeat !important;background-size: cover !important;}&#8220; column_min_height=&#8220;300&#8243; el_class=&#8220;order-2 order-md-1&#8243;][\/vc_column][vc_column width=&#8220;1\/2&#8243; el_class=&#8220;order-1 order-md-2&#8243; css=&#8220;.vc_custom_1723100586779{background-color: #ffffff !important;}&#8220;][\/vc_column][\/vc_row][\/vc_section][vc_section background_color=&#8220;bg-primary&#8220; vc_section_id=&#8220;61334fb4da907&#8243; [&hellip;]<\/p>\n","protected":false},"author":1,"featured_media":0,"parent":0,"menu_order":0,"comment_status":"closed","ping_status":"closed","template":"","meta":{"footnotes":""},"class_list":["post-55555","page","type-page","status-publish","hentry"],"_links":{"self":[{"href":"https:\/\/www.z-ton.de\/index.php\/wp-json\/wp\/v2\/pages\/55555","targetHints":{"allow":["GET"]}}],"collection":[{"href":"https:\/\/www.z-ton.de\/index.php\/wp-json\/wp\/v2\/pages"}],"about":[{"href":"https:\/\/www.z-ton.de\/index.php\/wp-json\/wp\/v2\/types\/page"}],"author":[{"embeddable":true,"href":"https:\/\/www.z-ton.de\/index.php\/wp-json\/wp\/v2\/users\/1"}],"replies":[{"embeddable":true,"href":"https:\/\/www.z-ton.de\/index.php\/wp-json\/wp\/v2\/comments?post=55555"}],"version-history":[{"count":109,"href":"https:\/\/www.z-ton.de\/index.php\/wp-json\/wp\/v2\/pages\/55555\/revisions"}],"predecessor-version":[{"id":56196,"href":"https:\/\/www.z-ton.de\/index.php\/wp-json\/wp\/v2\/pages\/55555\/revisions\/56196"}],"wp:attachment":[{"href":"https:\/\/www.z-ton.de\/index.php\/wp-json\/wp\/v2\/media?parent=55555"}],"curies":[{"name":"wp","href":"https:\/\/api.w.org\/{rel}","templated":true}]}}